{"id":534,"date":"2025-09-22T14:07:43","date_gmt":"2025-09-22T12:07:43","guid":{"rendered":"https:\/\/ingine.sk\/?page_id=534"},"modified":"2025-11-17T16:56:22","modified_gmt":"2025-11-17T15:56:22","slug":"nase-sluzby","status":"publish","type":"page","link":"https:\/\/ingine.sk\/?page_id=534","title":{"rendered":"03_nase sluzby"},"content":{"rendered":"\t\t<div data-elementor-type=\"wp-page\" data-elementor-id=\"534\" class=\"elementor elementor-534\">\n\t\t\t\t<div class=\"elementor-element elementor-element-b3fee88 e-con-full e-flex e-con e-parent\" data-id=\"b3fee88\" data-element_type=\"container\">\n\t\t<div class=\"elementor-element elementor-element-74a392c1 e-con-full e-flex e-con e-child\" data-id=\"74a392c1\" data-element_type=\"container\">\n\t\t<div class=\"elementor-element elementor-element-7ffe2541 e-con-full e-flex e-con e-child\" data-id=\"7ffe2541\" data-element_type=\"container\">\n\t\t\t\t<div class=\"elementor-element elementor-element-16b88acc elementor-widget elementor-widget-heading\" data-id=\"16b88acc\" data-element_type=\"widget\" data-widget_type=\"heading.default\">\n\t\t\t\t\t<h1 class=\"elementor-heading-title elementor-size-default\">Pon\u00fakame v\u00e1m kompletn\u00e9 slu\u017eby \u2013 od prv\u00e9ho kroku pri h\u013eadan\u00ed pozemku a\u017e po fin\u00e1lne zlegalizovanie va\u0161ej stavby<\/h1>\t\t\t\t<\/div>\n\t\t\t\t<div class=\"elementor-element elementor-element-67695bb6 elementor-widget__width-initial elementor-invisible elementor-widget elementor-widget-text-editor\" data-id=\"67695bb6\" data-element_type=\"widget\" data-settings=\"{&quot;_animation&quot;:&quot;fadeInDown&quot;}\" data-widget_type=\"text-editor.default\">\n\t\t\t\t\t\t\t\t\t<p>Odborn\u00e9 poradenstvo, administrat\u00edvna podpora a profesion\u00e1lny servis v celom legislat\u00edvnom procese od pozemku a\u017e po kolaud\u00e1ciu<\/p>\t\t\t\t\t\t\t\t<\/div>\n\t\t\t\t<\/div>\n\t\t\t\t<div class=\"elementor-element elementor-element-18c6cdad elementor-invisible elementor-widget elementor-widget-heading\" data-id=\"18c6cdad\" data-element_type=\"widget\" data-settings=\"{&quot;_animation&quot;:&quot;fadeInUp&quot;}\" data-widget_type=\"heading.default\">\n\t\t\t\t\t<span class=\"elementor-heading-title elementor-size-default\">slu\u017eby<\/span>\t\t\t\t<\/div>\n\t\t\t\t<\/div>\n\t\t<div class=\"elementor-element elementor-element-699e7148 e-con-full e-flex e-con e-child\" data-id=\"699e7148\" data-element_type=\"container\" data-settings=\"{&quot;background_background&quot;:&quot;classic&quot;}\">\n\t\t\t\t<\/div>\n\t\t\t\t<\/div>\n\t\t<div class=\"elementor-element elementor-element-23f61ecc e-con-full e-flex e-con e-parent\" data-id=\"23f61ecc\" data-element_type=\"container\" id=\"Workshop_Learn_The_Basics\">\n\t\t<div class=\"elementor-element elementor-element-5ce23c7f e-con-full e-flex e-con e-child\" data-id=\"5ce23c7f\" data-element_type=\"container\" data-settings=\"{&quot;background_background&quot;:&quot;classic&quot;}\">\n\t\t\t\t<\/div>\n\t\t<div class=\"elementor-element elementor-element-357f1d72 e-con-full e-flex e-con e-child\" data-id=\"357f1d72\" data-element_type=\"container\">\n\t\t\t\t<div class=\"elementor-element elementor-element-7f9137f9 elementor-widget elementor-widget-heading\" data-id=\"7f9137f9\" data-element_type=\"widget\" data-widget_type=\"heading.default\">\n\t\t\t\t\t<h2 class=\"elementor-heading-title elementor-size-default\">Chcete stava\u0165 <\/h2>\t\t\t\t<\/div>\n\t\t\t\t<div class=\"elementor-element elementor-element-9d0eff0 elementor-widget elementor-widget-heading\" data-id=\"9d0eff0\" data-element_type=\"widget\" data-widget_type=\"heading.default\">\n\t\t\t\t\t<h2 class=\"elementor-heading-title elementor-size-default\">Pred pl\u00e1novan\u00edm stavby <\/h2>\t\t\t\t<\/div>\n\t\t\t\t<div class=\"elementor-element elementor-element-4d31c969 elementor-widget elementor-widget-text-editor\" data-id=\"4d31c969\" data-element_type=\"widget\" data-widget_type=\"text-editor.default\">\n\t\t\t\t\t\t\t\t\t<p>H\u013eadanie vhodn\u00e9ho miesta pre v\u00e1\u0161 vysn\u00edvan\u00fd objekt m\u00f4\u017ee by\u0165 stresuj\u00face. My v\u00e1m porad\u00edme, \u010di pozemok, ktor\u00fd si vyber\u00e1te je vhodn\u00fd pre va\u0161e pl\u00e1ny, zhodnot\u00edme jeho mo\u017enosti a uk\u00e1\u017eeme, \u010do na \u0148om m\u00f4\u017eete postavi\u0165. S nami je prv\u00fd krok jednoduch\u0161\u00ed.<\/p>\t\t\t\t\t\t\t\t<\/div>\n\t\t\t\t<div class=\"elementor-element elementor-element-6963fb5f elementor-invisible elementor-widget elementor-widget-button\" data-id=\"6963fb5f\" data-element_type=\"widget\" data-settings=\"{&quot;_animation&quot;:&quot;fadeInDown&quot;}\" data-widget_type=\"button.default\">\n\t\t\t\t\t\t\t\t\t\t<a class=\"elementor-button elementor-button-link elementor-size-sm\" href=\"https:\/\/ingine.sk\/?page_id=525\">\n\t\t\t\t\t\t<span class=\"elementor-button-content-wrapper\">\n\t\t\t\t\t\t\t\t\t<span class=\"elementor-button-text\">dozvedie\u0165 sa viac<\/span>\n\t\t\t\t\t<\/span>\n\t\t\t\t\t<\/a>\n\t\t\t\t\t\t\t\t<\/div>\n\t\t\t\t<\/div>\n\t\t\t\t<\/div>\n\t\t<div class=\"elementor-element elementor-element-5772747e e-con-full e-flex e-con e-parent\" data-id=\"5772747e\" data-element_type=\"container\" id=\"Workshop_Master_The_Basics\">\n\t\t<div class=\"elementor-element elementor-element-790b93f e-con-full e-flex e-con e-child\" data-id=\"790b93f\" data-element_type=\"container\" data-settings=\"{&quot;background_background&quot;:&quot;classic&quot;}\">\n\t\t\t\t<\/div>\n\t\t<div class=\"elementor-element elementor-element-43d875b7 e-con-full e-flex e-con e-child\" data-id=\"43d875b7\" data-element_type=\"container\">\n\t\t\t\t<div class=\"elementor-element elementor-element-1d2553af elementor-widget elementor-widget-heading\" data-id=\"1d2553af\" data-element_type=\"widget\" data-widget_type=\"heading.default\">\n\t\t\t\t\t<h2 class=\"elementor-heading-title elementor-size-default\">Idete stava\u0165<\/h2>\t\t\t\t<\/div>\n\t\t\t\t<div class=\"elementor-element elementor-element-14968cd elementor-widget elementor-widget-heading\" data-id=\"14968cd\" data-element_type=\"widget\" data-widget_type=\"heading.default\">\n\t\t\t\t\t<h2 class=\"elementor-heading-title elementor-size-default\">Pr\u00edprava a v\u00fdstavba<\/h2>\t\t\t\t<\/div>\n\t\t\t\t<div class=\"elementor-element elementor-element-18a64f9e elementor-widget elementor-widget-text-editor\" data-id=\"18a64f9e\" data-element_type=\"widget\" data-widget_type=\"text-editor.default\">\n\t\t\t\t\t\t\t\t\t<p>Teraz prich\u00e1dza k\u013e\u00fa\u010dov\u00e1 f\u00e1za \u2013 povo\u013eovac\u00ed proces a legislat\u00edva. Postar\u00e1me sa o v\u0161etky formality, \u00faradn\u00e9 z\u00e1le\u017eitosti a administrat\u00edvu, aby ste sa mohli s\u00fastredi\u0165 na pr\u00edpravu stavby bez starost\u00ed.<\/p>\t\t\t\t\t\t\t\t<\/div>\n\t\t\t\t<div class=\"elementor-element elementor-element-379a80e5 elementor-invisible elementor-widget elementor-widget-button\" data-id=\"379a80e5\" data-element_type=\"widget\" data-settings=\"{&quot;_animation&quot;:&quot;fadeInDown&quot;}\" data-widget_type=\"button.default\">\n\t\t\t\t\t\t\t\t\t\t<a class=\"elementor-button elementor-button-link elementor-size-sm\" href=\"https:\/\/ingine.sk\/?page_id=606\">\n\t\t\t\t\t\t<span class=\"elementor-button-content-wrapper\">\n\t\t\t\t\t\t\t\t\t<span class=\"elementor-button-text\">dozvedie\u0165 sa viac<\/span>\n\t\t\t\t\t<\/span>\n\t\t\t\t\t<\/a>\n\t\t\t\t\t\t\t\t<\/div>\n\t\t\t\t<\/div>\n\t\t\t\t<\/div>\n\t\t<div class=\"elementor-element elementor-element-4363dd09 e-con-full e-flex e-con e-parent\" data-id=\"4363dd09\" data-element_type=\"container\" id=\"Workshop_Be_Ceramic_Superhero\">\n\t\t<div class=\"elementor-element elementor-element-5e8e7e48 e-con-full e-flex e-con e-child\" data-id=\"5e8e7e48\" data-element_type=\"container\" data-settings=\"{&quot;background_background&quot;:&quot;classic&quot;}\">\n\t\t\t\t<\/div>\n\t\t<div class=\"elementor-element elementor-element-1a0b011 e-con-full e-flex e-con e-child\" data-id=\"1a0b011\" data-element_type=\"container\">\n\t\t\t\t<div class=\"elementor-element elementor-element-6adb0d4a elementor-widget elementor-widget-heading\" data-id=\"6adb0d4a\" data-element_type=\"widget\" data-widget_type=\"heading.default\">\n\t\t\t\t\t<h2 class=\"elementor-heading-title elementor-size-default\">M\u00e1te postaven\u00e9 <\/h2>\t\t\t\t<\/div>\n\t\t\t\t<div class=\"elementor-element elementor-element-fa78050 elementor-widget elementor-widget-heading\" data-id=\"fa78050\" data-element_type=\"widget\" data-widget_type=\"heading.default\">\n\t\t\t\t\t<h2 class=\"elementor-heading-title elementor-size-default\">Hotov\u00e1 stavba a legislat\u00edva <\/h2>\t\t\t\t<\/div>\n\t\t\t\t<div class=\"elementor-element elementor-element-35b72a7d elementor-widget elementor-widget-text-editor\" data-id=\"35b72a7d\" data-element_type=\"widget\" data-widget_type=\"text-editor.default\">\n\t\t\t\t\t\t\t\t\t<p>Pom\u00f4\u017eeme v\u00e1m zlegalizova\u0165 novostavbu aj star\u0161iu stavbu a zabezpe\u010d\u00edme v\u0161etky potrebn\u00e9 administrat\u00edvne a legislat\u00edvne kroky<\/p>\t\t\t\t\t\t\t\t<\/div>\n\t\t\t\t<div class=\"elementor-element elementor-element-16f9a5c5 elementor-invisible elementor-widget elementor-widget-button\" data-id=\"16f9a5c5\" data-element_type=\"widget\" data-settings=\"{&quot;_animation&quot;:&quot;fadeInDown&quot;}\" data-widget_type=\"button.default\">\n\t\t\t\t\t\t\t\t\t\t<a class=\"elementor-button elementor-button-link elementor-size-sm\" href=\"https:\/\/ingine.sk\/?page_id=607\">\n\t\t\t\t\t\t<span class=\"elementor-button-content-wrapper\">\n\t\t\t\t\t\t\t\t\t<span class=\"elementor-button-text\">dozvedie\u0165 sa viac<\/span>\n\t\t\t\t\t<\/span>\n\t\t\t\t\t<\/a>\n\t\t\t\t\t\t\t\t<\/div>\n\t\t\t\t<\/div>\n\t\t\t\t<\/div>\n\t\t<div class=\"elementor-element elementor-element-5b9af0d e-flex e-con-boxed e-con e-parent\" data-id=\"5b9af0d\" data-element_type=\"container\">\n\t\t\t\t\t<div class=\"e-con-inner\">\n\t\t\t\t<div class=\"elementor-element elementor-element-da4c33e elementor-widget-divider--view-line elementor-widget elementor-widget-divider\" data-id=\"da4c33e\" data-element_type=\"widget\" data-widget_type=\"divider.default\">\n\t\t\t\t\t\t\t<div class=\"elementor-divider\">\n\t\t\t<span class=\"elementor-divider-separator\">\n\t\t\t\t\t\t<\/span>\n\t\t<\/div>\n\t\t\t\t\t\t<\/div>\n\t\t\t\t\t<\/div>\n\t\t\t\t<\/div>\n\t\t\t\t<\/div>\n\t\t","protected":false},"excerpt":{"rendered":"<p>Pon\u00fakame v\u00e1m kompletn\u00e9 slu\u017eby \u2013 od prv\u00e9ho kroku pri h\u013eadan\u00ed pozemku a\u017e po fin\u00e1lne zlegalizovanie va\u0161ej stavby Odborn\u00e9 poradenstvo, administrat\u00edvna podpora a profesion\u00e1lny servis v celom legislat\u00edvnom procese od pozemku a\u017e po kolaud\u00e1ciu slu\u017eby Chcete stava\u0165 Pred pl\u00e1novan\u00edm stavby H\u013eadanie vhodn\u00e9ho miesta pre v\u00e1\u0161 vysn\u00edvan\u00fd objekt m\u00f4\u017ee by\u0165 stresuj\u00face. My v\u00e1m porad\u00edme, \u010di pozemok, ktor\u00fd [&hellip;]<\/p>\n","protected":false},"author":1,"featured_media":542,"parent":0,"menu_order":0,"comment_status":"closed","ping_status":"closed","template":"elementor_header_footer","meta":{"footnotes":""},"class_list":["post-534","page","type-page","status-publish","has-post-thumbnail","hentry"],"_links":{"self":[{"href":"https:\/\/ingine.sk\/index.php?rest_route=\/wp\/v2\/pages\/534","targetHints":{"allow":["GET"]}}],"collection":[{"href":"https:\/\/ingine.sk\/index.php?rest_route=\/wp\/v2\/pages"}],"about":[{"href":"https:\/\/ingine.sk\/index.php?rest_route=\/wp\/v2\/types\/page"}],"author":[{"embeddable":true,"href":"https:\/\/ingine.sk\/index.php?rest_route=\/wp\/v2\/users\/1"}],"replies":[{"embeddable":true,"href":"https:\/\/ingine.sk\/index.php?rest_route=%2Fwp%2Fv2%2Fcomments&post=534"}],"version-history":[{"count":57,"href":"https:\/\/ingine.sk\/index.php?rest_route=\/wp\/v2\/pages\/534\/revisions"}],"predecessor-version":[{"id":1258,"href":"https:\/\/ingine.sk\/index.php?rest_route=\/wp\/v2\/pages\/534\/revisions\/1258"}],"wp:featuredmedia":[{"embeddable":true,"href":"https:\/\/ingine.sk\/index.php?rest_route=\/wp\/v2\/media\/542"}],"wp:attachment":[{"href":"https:\/\/ingine.sk\/index.php?rest_route=%2Fwp%2Fv2%2Fmedia&parent=534"}],"curies":[{"name":"wp","href":"https:\/\/api.w.org\/{rel}","templated":true}]}}